{"id":11,"date":"2012-12-29T01:05:09","date_gmt":"2012-12-28T23:05:09","guid":{"rendered":"http:\/\/elfi-huelsmann.name\/?page_id=11"},"modified":"2013-07-07T19:32:01","modified_gmt":"2013-07-07T17:32:01","slug":"hobbys","status":"publish","type":"page","link":"https:\/\/elfi-huelsmann.name\/?page_id=11","title":{"rendered":"Hobbys"},"content":{"rendered":"<p><strong>Tanzen<\/strong><\/p>\n<p><a href=\"http:\/\/elfi-huelsmann.name\/?attachment_id=29\" rel=\"attachment wp-att-29\"><img decoding=\"async\" loading=\"lazy\" class=\"alignnone size-medium wp-image-29\" alt=\"zeitung_tanzen\" src=\"http:\/\/elfi-huelsmann.name\/wp-content\/uploads\/2012\/12\/zeitung_tanzen-300x191.jpg\" width=\"300\" height=\"191\" srcset=\"https:\/\/elfi-huelsmann.name\/wp-content\/uploads\/2012\/12\/zeitung_tanzen-300x191.jpg 300w, https:\/\/elfi-huelsmann.name\/wp-content\/uploads\/2012\/12\/zeitung_tanzen.jpg 461w\" sizes=\"(max-width: 300px) 100vw, 300px\" \/><\/a><\/p>\n<p>Au\u00dfer in der Tanzgruppe bin ich noch bei den &#8222;Gr\u00fcnen Damen&#8220; im Krankenhaus Kempen aktiv.<br \/>\nDie gr\u00fcnen Damen sind &#8211; wie in vielen Krankenh\u00e4user &#8211; ein freiwilliger Sozialdienst, der Patienten besucht und kleine Erledigungen t\u00e4tigt.<\/p>\n","protected":false},"excerpt":{"rendered":"<p>Tanzen Au\u00dfer in der Tanzgruppe bin ich noch bei den &#8222;Gr\u00fcnen Damen&#8220; im Krankenhaus Kempen aktiv. Die gr\u00fcnen Damen sind &#8211; wie in vielen Krankenh\u00e4user &#8211; ein freiwilliger Sozialdienst, der Patienten besucht und kleine Erledigungen t\u00e4tigt.<\/p>\n","protected":false},"author":1,"featured_media":0,"parent":0,"menu_order":0,"comment_status":"open","ping_status":"closed","template":"","meta":{"ngg_post_thumbnail":0},"_links":{"self":[{"href":"https:\/\/elfi-huelsmann.name\/index.php?rest_route=\/wp\/v2\/pages\/11"}],"collection":[{"href":"https:\/\/elfi-huelsmann.name\/index.php?rest_route=\/wp\/v2\/pages"}],"about":[{"href":"https:\/\/elfi-huelsmann.name\/index.php?rest_route=\/wp\/v2\/types\/page"}],"author":[{"embeddable":true,"href":"https:\/\/elfi-huelsmann.name\/index.php?rest_route=\/wp\/v2\/users\/1"}],"replies":[{"embeddable":true,"href":"https:\/\/elfi-huelsmann.name\/index.php?rest_route=%2Fwp%2Fv2%2Fcomments&post=11"}],"version-history":[{"count":4,"href":"https:\/\/elfi-huelsmann.name\/index.php?rest_route=\/wp\/v2\/pages\/11\/revisions"}],"predecessor-version":[{"id":81,"href":"https:\/\/elfi-huelsmann.name\/index.php?rest_route=\/wp\/v2\/pages\/11\/revisions\/81"}],"wp:attachment":[{"href":"https:\/\/elfi-huelsmann.name\/index.php?rest_route=%2Fwp%2Fv2%2Fmedia&parent=11"}],"curies":[{"name":"wp","href":"https:\/\/api.w.org\/{rel}","templated":true}]}}