{"id":7,"date":"2012-12-29T01:02:06","date_gmt":"2012-12-28T23:02:06","guid":{"rendered":"http:\/\/elfi-huelsmann.name\/?page_id=7"},"modified":"2013-07-07T19:29:40","modified_gmt":"2013-07-07T17:29:40","slug":"uber-mich","status":"publish","type":"page","link":"https:\/\/elfi-huelsmann.name\/?page_id=7","title":{"rendered":"\u00dcber mich"},"content":{"rendered":"<table id=\"table2\" width=\"472\" border=\"0\" cellspacing=\"0\" cellpadding=\"0\">\n<tbody>\n<tr align=\"left\" valign=\"top\">\n<td width=\"457\">\n<h3 align=\"center\"><b>Mein Name  ist Elfriede (Elfi) H\u00fclsmann<\/b>.<\/h3>\n<h3 align=\"center\"><b>Ich wurde  am 10 May 1934 in <\/b><b><a href=\"http:\/\/www.koeln.de\/\">K\u00f6ln<\/a> <\/b><b>geboren<\/b>.<\/h3>\n<h3 align=\"center\"><b>Heute lebe ich in <\/b><a href=\"http:\/\/www.kreis-viersen.de\/kempen\/index.htm\"><b>Kempen<\/b><\/a><b>.<\/b><\/h3>\n<p>In K\u00f6ln bin Ich auf dem Gymnasium Lyceum zur Schule gegangen.<br \/>\nMeine Ausbildung zum Industriekaufmann habe Ich bei Horn&#038;Horn (sp\u00e4ter Zweihorn, ICI und nun bei AkzoNobel) in K\u00f6ln gemacht, sp\u00e4ter in Hilden und D\u00fcsseldorf gearbeitet<br \/>\nViele kennen mich aus meiner beruflichen Zeit bei der Seidenweberei<i> <\/i>Lethen &amp; von Zech in Kempen und Krefeld. In den letzten jahren war ich ehrenamtlich bei den gr\u00fcnen Damen im Krankenhaus Kempen t\u00e4tig.<\/p>\n<h3 align=\"center\"><b>Ich liebe  Kempen, K\u00f6ln<\/b><\/h3>\n<\/td>\n<\/tr>\n<\/tbody>\n<\/table>\n<table id=\"table3\" width=\"437\" border=\"0\" cellspacing=\"0\" cellpadding=\"0\">\n<tbody>\n<tr align=\"left\" valign=\"top\">\n<td>\n<table id=\"table4\" width=\"196\" border=\"0\" cellspacing=\"0\" cellpadding=\"0\">\n<tbody>\n<tr align=\"left\" valign=\"top\">\n<td width=\"17\" height=\"44\"><\/td>\n<td width=\"179\"><\/td>\n<\/tr>\n<tr align=\"left\" valign=\"top\">\n<td><\/td>\n<td width=\"179\">\n<h3>vor ein paar Jahren&#8230;<\/h3>\n<\/td>\n<\/tr>\n<\/tbody>\n<\/table>\n<\/td>\n<td>\n<table id=\"table5\" width=\"241\" border=\"0\" cellspacing=\"0\" cellpadding=\"0\">\n<tbody>\n<tr align=\"left\" valign=\"top\">\n<td width=\"42\" height=\"33\"><\/td>\n<td><\/td>\n<\/tr>\n<tr align=\"left\" valign=\"top\">\n<td height=\"311\"><\/td>\n<td align=\"middle\" valign=\"center\" width=\"199\"><a href=\"http:\/\/elfi-huelsmann.name\/?attachment_id=9\" rel=\"attachment wp-att-9\"><img decoding=\"async\" loading=\"lazy\" class=\"alignnone size-medium wp-image-9\" alt=\"eh_baby\" src=\"http:\/\/elfi-huelsmann.name\/wp-content\/uploads\/2012\/12\/eh_baby-191x300.jpg\" width=\"191\" height=\"300\" \/><\/a><\/td>\n<\/tr>\n<\/tbody>\n<\/table>\n<\/td>\n<\/tr>\n<\/tbody>\n<\/table>\n","protected":false},"excerpt":{"rendered":"<p>Mein Name ist Elfriede (Elfi) H\u00fclsmann. Ich wurde am 10 May 1934 in K\u00f6ln geboren. Heute lebe ich in Kempen. In K\u00f6ln bin Ich auf dem Gymnasium Lyceum zur Schule gegangen. Meine Ausbildung zum Industriekaufmann habe Ich bei Horn&#038;Horn (sp\u00e4ter Zweihorn, ICI und nun bei AkzoNobel) in K\u00f6ln gemacht, sp\u00e4ter in Hilden und D\u00fcsseldorf gearbeitet Viele kennen mich aus meiner beruflichen Zeit bei der Seidenweberei Lethen &amp; von Zech in Kempen und Krefeld. In den letzten jahren war ich ehrenamtlich bei den gr\u00fcnen Damen im Krankenhaus Kempen t\u00e4tig. Ich liebe Kempen, K\u00f6ln vor ein paar Jahren&#8230;<\/p>\n","protected":false},"author":1,"featured_media":0,"parent":0,"menu_order":3,"comment_status":"open","ping_status":"closed","template":"","meta":{"ngg_post_thumbnail":0},"_links":{"self":[{"href":"https:\/\/elfi-huelsmann.name\/index.php?rest_route=\/wp\/v2\/pages\/7"}],"collection":[{"href":"https:\/\/elfi-huelsmann.name\/index.php?rest_route=\/wp\/v2\/pages"}],"about":[{"href":"https:\/\/elfi-huelsmann.name\/index.php?rest_route=\/wp\/v2\/types\/page"}],"author":[{"embeddable":true,"href":"https:\/\/elfi-huelsmann.name\/index.php?rest_route=\/wp\/v2\/users\/1"}],"replies":[{"embeddable":true,"href":"https:\/\/elfi-huelsmann.name\/index.php?rest_route=%2Fwp%2Fv2%2Fcomments&post=7"}],"version-history":[{"count":3,"href":"https:\/\/elfi-huelsmann.name\/index.php?rest_route=\/wp\/v2\/pages\/7\/revisions"}],"predecessor-version":[{"id":80,"href":"https:\/\/elfi-huelsmann.name\/index.php?rest_route=\/wp\/v2\/pages\/7\/revisions\/80"}],"wp:attachment":[{"href":"https:\/\/elfi-huelsmann.name\/index.php?rest_route=%2Fwp%2Fv2%2Fmedia&parent=7"}],"curies":[{"name":"wp","href":"https:\/\/api.w.org\/{rel}","templated":true}]}}